{"id":63,"date":"2022-07-21T14:22:11","date_gmt":"2022-07-21T14:22:11","guid":{"rendered":"https:\/\/fl-arquitecto.pt\/?page_id=63"},"modified":"2023-01-18T14:07:07","modified_gmt":"2023-01-18T14:07:07","slug":"biografia","status":"publish","type":"page","link":"https:\/\/fl-arquitecto.pt\/?page_id=63","title":{"rendered":"Biografia"},"content":{"rendered":"\t\t<div data-elementor-type=\"wp-page\" data-elementor-id=\"63\" class=\"elementor elementor-63\">\n\t\t\t\t\t\t\t\t\t<section class=\"elementor-section elementor-top-section elementor-element elementor-element-6078432 elementor-section-full_width elementor-section-height-min-height elementor-section-items-stretch elementor-section-height-default\" data-id=\"6078432\" data-element_type=\"section\">\n\t\t\t\t\t\t<div class=\"elementor-container elementor-column-gap-no\">\n\t\t\t\t\t<div class=\"elementor-column elementor-col-33 elementor-top-column elementor-element elementor-element-bc7a5b1 elementor-hidden-tablet\" data-id=\"bc7a5b1\" data-element_type=\"column\">\n\t\t\t<div class=\"elementor-widget-wrap\">\n\t\t\t\t\t\t\t\t\t<\/div>\n\t\t<\/div>\n\t\t\t\t<div class=\"elementor-column elementor-col-33 elementor-top-column elementor-element elementor-element-518b4cb\" data-id=\"518b4cb\" data-element_type=\"column\">\n\t\t\t<div class=\"elementor-widget-wrap elementor-element-populated\">\n\t\t\t\t\t\t\t\t<div class=\"elementor-element elementor-element-70da9e7 elementor-widget elementor-widget-image\" data-id=\"70da9e7\" data-element_type=\"widget\" data-widget_type=\"image.default\">\n\t\t\t\t<div class=\"elementor-widget-container\">\n\t\t\t<style>\/*! elementor - v3.7.6 - 15-09-2022 *\/\n.elementor-widget-image{text-align:center}.elementor-widget-image a{display:inline-block}.elementor-widget-image a img[src$=\".svg\"]{width:48px}.elementor-widget-image img{vertical-align:middle;display:inline-block}<\/style>\t\t\t\t\t\t\t\t\t\t\t\t<img loading=\"lazy\" decoding=\"async\" width=\"800\" height=\"800\" src=\"https:\/\/fl-arquitecto.pt\/wp-content\/uploads\/2022\/07\/Untitled-1.jpg\" class=\"attachment-large size-large\" alt=\"\" \/>\t\t\t\t\t\t\t\t\t\t\t\t\t\t\t<\/div>\n\t\t\t\t<\/div>\n\t\t\t\t\t<\/div>\n\t\t<\/div>\n\t\t\t\t<div class=\"elementor-column elementor-col-33 elementor-top-column elementor-element elementor-element-65e990f\" data-id=\"65e990f\" data-element_type=\"column\">\n\t\t\t<div class=\"elementor-widget-wrap elementor-element-populated\">\n\t\t\t\t\t\t\t\t<div class=\"elementor-element elementor-element-3be62bf elementor-widget elementor-widget-heading\" data-id=\"3be62bf\" data-element_type=\"widget\" data-widget_type=\"heading.default\">\n\t\t\t\t<div class=\"elementor-widget-container\">\n\t\t\t<style>\/*! elementor - v3.7.6 - 15-09-2022 *\/\n.elementor-heading-title{padding:0;margin:0;line-height:1}.elementor-widget-heading .elementor-heading-title[class*=elementor-size-]>a{color:inherit;font-size:inherit;line-height:inherit}.elementor-widget-heading .elementor-heading-title.elementor-size-small{font-size:15px}.elementor-widget-heading .elementor-heading-title.elementor-size-medium{font-size:19px}.elementor-widget-heading .elementor-heading-title.elementor-size-large{font-size:29px}.elementor-widget-heading .elementor-heading-title.elementor-size-xl{font-size:39px}.elementor-widget-heading .elementor-heading-title.elementor-size-xxl{font-size:59px}<\/style><h2 class=\"elementor-heading-title elementor-size-default\">Francisco Lopes <\/h2>\t\t<\/div>\n\t\t\t\t<\/div>\n\t\t\t\t<div class=\"elementor-element elementor-element-1045f2d elementor-widget elementor-widget-text-editor\" data-id=\"1045f2d\" data-element_type=\"widget\" data-widget_type=\"text-editor.default\">\n\t\t\t\t<div class=\"elementor-widget-container\">\n\t\t\t<style>\/*! elementor - v3.7.6 - 15-09-2022 *\/\n.elementor-widget-text-editor.elementor-drop-cap-view-stacked .elementor-drop-cap{background-color:#818a91;color:#fff}.elementor-widget-text-editor.elementor-drop-cap-view-framed .elementor-drop-cap{color:#818a91;border:3px solid;background-color:transparent}.elementor-widget-text-editor:not(.elementor-drop-cap-view-default) .elementor-drop-cap{margin-top:8px}.elementor-widget-text-editor:not(.elementor-drop-cap-view-default) .elementor-drop-cap-letter{width:1em;height:1em}.elementor-widget-text-editor .elementor-drop-cap{float:left;text-align:center;line-height:1;font-size:50px}.elementor-widget-text-editor .elementor-drop-cap-letter{display:inline-block}<\/style>\t\t\t\t<p>FL ARQUITECTO tem como lema no desenvolvimento do seu trabalho uma abordagem concertada e pragm\u00e1tica, que relaciona a \u201cECONOMIA | \u00c9TICA | EST\u00c9TICA\u201d. Sendo que o trabalho em parte desenvolvido assenta numa rede de parceiros espec\u00edficos nas diversas \u00e1reas do saber, movidos pela presta\u00e7\u00e3o de servi\u00e7os que valorizem a arte de bem servir.<\/p><p><strong>BIO<\/strong><\/p><p>Francisco Fernandes Lopes, formou-se na Faculdade de Arquitectura da Universidade do Porto.<\/p><p>Estagiou na C\u00e2mara Municipal de Angra do Hero\u00edsmo.<\/p><p>Trabalha por conta pr\u00f3pria desde 2010.<\/p><p>Foi Representante Local na Ilha Terceira da Delega\u00e7\u00e3o dos A\u00e7ores da Ordem dos Arquitectos no Tri\u00e9nio 2015\/2017.<\/p><p>Trabalhou na Divis\u00e3o de Habita\u00e7\u00e3o da Ilha Terceira da Dire\u00e7\u00e3o Regional da Habita\u00e7\u00e3o.<\/p>\t\t\t\t\t\t<\/div>\n\t\t\t\t<\/div>\n\t\t\t\t\t<\/div>\n\t\t<\/div>\n\t\t\t\t\t\t\t<\/div>\n\t\t<\/section>\n\t\t\t\t\t\t\t<\/div>\n\t\t","protected":false},"excerpt":{"rendered":"<p>Francisco Lopes FL ARQUITECTO tem como lema no desenvolvimento do seu trabalho uma abordagem concertada e pragm\u00e1tica, que relaciona a \u201cECONOMIA | \u00c9TICA | EST\u00c9TICA\u201d. Sendo que o trabalho em parte desenvolvido assenta numa rede de parceiros espec\u00edficos nas diversas \u00e1reas do saber, movidos pela presta\u00e7\u00e3o de servi\u00e7os que valorizem a arte de bem servir. [&hellip;]<\/p>\n","protected":false},"author":1,"featured_media":0,"parent":0,"menu_order":0,"comment_status":"closed","ping_status":"closed","template":"","meta":{"footnotes":""},"class_list":["post-63","page","type-page","status-publish","hentry"],"acf":[],"_links":{"self":[{"href":"https:\/\/fl-arquitecto.pt\/index.php?rest_route=\/wp\/v2\/pages\/63","targetHints":{"allow":["GET"]}}],"collection":[{"href":"https:\/\/fl-arquitecto.pt\/index.php?rest_route=\/wp\/v2\/pages"}],"about":[{"href":"https:\/\/fl-arquitecto.pt\/index.php?rest_route=\/wp\/v2\/types\/page"}],"author":[{"embeddable":true,"href":"https:\/\/fl-arquitecto.pt\/index.php?rest_route=\/wp\/v2\/users\/1"}],"replies":[{"embeddable":true,"href":"https:\/\/fl-arquitecto.pt\/index.php?rest_route=%2Fwp%2Fv2%2Fcomments&post=63"}],"version-history":[{"count":16,"href":"https:\/\/fl-arquitecto.pt\/index.php?rest_route=\/wp\/v2\/pages\/63\/revisions"}],"predecessor-version":[{"id":727,"href":"https:\/\/fl-arquitecto.pt\/index.php?rest_route=\/wp\/v2\/pages\/63\/revisions\/727"}],"wp:attachment":[{"href":"https:\/\/fl-arquitecto.pt\/index.php?rest_route=%2Fwp%2Fv2%2Fmedia&parent=63"}],"curies":[{"name":"wp","href":"https:\/\/api.w.org\/{rel}","templated":true}]}}